{"id":1980,"date":"2023-08-03T13:09:20","date_gmt":"2023-08-03T13:09:20","guid":{"rendered":"https:\/\/unhcr.nexatestwp.com\/key-highlight\/annual-report-launches\/"},"modified":"2025-03-02T13:45:22","modified_gmt":"2025-03-02T13:45:22","slug":"unhcrnin-zekat-danisma-kurulu","status":"publish","type":"key-highlight","link":"https:\/\/zakat.unhcr.org\/annualreport\/annual-2024\/tr\/key-highlight\/unhcrnin-zekat-danisma-kurulu\/","title":{"rendered":"UNHCR&#8217;nin Zek\u00e2t Dan\u0131\u015fma Kurulu"},"excerpt":{"rendered":"<p>2024 y\u0131l\u0131nda, \u0130slam \u0130\u015f Birli\u011fi Te\u015fkilat\u0131&#8217;n\u0131n bir kurulu\u015fu olan Uluslararas\u0131 \u0130slam F\u0131k\u0131h Akademisi, UNHCR&#8217;nin M\u00fclteci Zek\u00e2t Fonu i\u00e7in Zek\u00e2t Kurulu olarak hizmet vermeyi kabul etti. <\/p>\n","protected":false},"featured_media":5585,"parent":0,"template":"","acf":[],"_links":{"self":[{"href":"https:\/\/zakat.unhcr.org\/annualreport\/annual-2024\/tr\/wp-json\/wp\/v2\/key-highlight\/1980"}],"collection":[{"href":"https:\/\/zakat.unhcr.org\/annualreport\/annual-2024\/tr\/wp-json\/wp\/v2\/key-highlight"}],"about":[{"href":"https:\/\/zakat.unhcr.org\/annualreport\/annual-2024\/tr\/wp-json\/wp\/v2\/types\/key-highlight"}],"wp:featuredmedia":[{"embeddable":true,"href":"https:\/\/zakat.unhcr.org\/annualreport\/annual-2024\/tr\/wp-json\/wp\/v2\/media\/5585"}],"wp:attachment":[{"href":"https:\/\/zakat.unhcr.org\/annualreport\/annual-2024\/tr\/wp-json\/wp\/v2\/media?parent=1980"}],"curies":[{"name":"wp","href":"https:\/\/api.w.org\/{rel}","templated":true}]}}

UNHCR&#8217;nin Zekât Danışma Kurulu

<p>2024 yılında, İslam İş Birliği Teşkilatı&#8217;nın bir kuruluşu olan Uluslararası İslam Fıkıh Akademisi, UNHCR&#8217;nin Mülteci Zekât Fonu için Zekât Kurulu olarak hizmet vermeyi kabul etti. </p>
