{"id":1980,"date":"2023-08-03T13:09:20","date_gmt":"2023-08-03T13:09:20","guid":{"rendered":"https:\/\/unhcr.nexatestwp.com\/key-highlight\/annual-report-launches\/"},"modified":"2024-04-16T08:12:44","modified_gmt":"2024-04-16T08:12:44","slug":"events","status":"publish","type":"key-highlight","link":"https:\/\/zakat.unhcr.org\/annualreport\/tr\/key-highlight\/events\/","title":{"rendered":"Olaylar"},"excerpt":{"rendered":"<p>UNHCR&#8217;nin BAE&#8217;deki COP28 paneli ve Cenevre&#8217;deki \u00fcst d\u00fczey etkinli\u011fi \u0130slami hay\u0131rseverlik ve iklim de\u011fi\u015fikli\u011fine odakland\u0131.<\/p>\n","protected":false},"featured_media":3985,"parent":0,"template":"","acf":[],"_links":{"self":[{"href":"https:\/\/zakat.unhcr.org\/annualreport\/tr\/wp-json\/wp\/v2\/key-highlight\/1980"}],"collection":[{"href":"https:\/\/zakat.unhcr.org\/annualreport\/tr\/wp-json\/wp\/v2\/key-highlight"}],"about":[{"href":"https:\/\/zakat.unhcr.org\/annualreport\/tr\/wp-json\/wp\/v2\/types\/key-highlight"}],"wp:featuredmedia":[{"embeddable":true,"href":"https:\/\/zakat.unhcr.org\/annualreport\/tr\/wp-json\/wp\/v2\/media\/3985"}],"wp:attachment":[{"href":"https:\/\/zakat.unhcr.org\/annualreport\/tr\/wp-json\/wp\/v2\/media?parent=1980"}],"curies":[{"name":"wp","href":"https:\/\/api.w.org\/{rel}","templated":true}]}}

<p>UNHCR&#8217;nin BAE&#8217;deki COP28 paneli ve Cenevre&#8217;deki üst düzey etkinliği İslami hayırseverlik ve iklim değişikliğine odaklandı.</p>
